. Is h a prime number?
True
Let g be 3/9 + (-5)/15. Suppose 39 = -g*r + r. Is r composite?
True
Let p = -34 - -113. Is p prime?
True
Suppose 5*p - 3*z = 1997, 0 = 4*p + z - 988 - 596. Is p a composite number?
False
Let u be 1/(36/33 + -1). Suppose -u = 4*y - y - 5*n, -n = 4*y - 16. Is y a prime number?
True
Suppose 0 = 3*f - 2*f + 4*w, -5*f = -5*w. Suppose f*o + a = 3*o - 211, 2*a + 209 = 3*o. Is o a prime number?
True
Let q = -5 - -8. Let g be q/(-2 + -1) - -9. Suppose -3*h + g*h = 110. Is h composite?
True
Let f(o) = -o - 2. Let h be f(-3). Let z(b) = 5*b - 1. Let i be z(h). Is (-1 - 6)*(-8)/i a prime number?
False
Let p be 2/9 + 2068/9. Let t = p - -167. Is t a composite number?
False
Let m(u) = 23*u**2 - 3*u + 1 + 0 + u. Suppose 3 = 4*t - t. Is m(t) a composite number?
True
Let u(s) = -4*s + s + 5*s - 9. Let q be u(7). Suppose -4*i = -3*p + 97, -2*i + 34 = q*p - 145. Is p a prime number?
False
Let z(i) = -i**3 - 13*i**2 - 2*i + 8. Let d be z(-11). Is 2/((-856)/d + -4) a prime number?
True
Let i be (-6544)/(-36) - (-2)/9. Suppose -2*j = -c - 3*c - i, 0 = -5*j + c + 437. Suppose 0*d = -3*d - 3*q + j, 3*d + 4*q = 85. Is d a prime number?
True
Let z(m) = 90*m - 8. Let f be z(10). Suppose 3*s - f = -s. Is s prime?
True
Let m = 12 - 8. Suppose 0*b = -3*b + 147. Suppose 0 = -m*d - d + 10, -o = d - b. Is o a prime number?
True
Suppose -3*p + 6 = -3*z, 2*p + 2*z = -2 + 14. Suppose 5*f - p*m - 1457 = 0, -f + 3*m + 198 + 100 = 0. Is f prime?
False
Let j(y) = 14*y + 1. Let d be j(-5). Let n = 146 + d. Is n a prime number?
False
Let u(y) = y**3 + 2*y**2 + 2. Let k be u(-2). Suppose -3*z = -2*z - 2*q - 131, -4*q + 262 = k*z. Is z a prime number?
True
Suppose -10*j + 22713 = 5143. Is j composite?
True
Let l(j) be the third derivative of 28*j**5/15 + j**4/12 + j**3/6 - 2*j**2. Let o be l(-1). Let w = o - -106. Is w a composite number?
True
Let l(n) = 2*n - 1. Let a be l(2). Suppose -32 = 4*z + 2*r, 5*z = a*r - 29 - 0. Let u = z - -10. Is u a composite number?
False
Let l = -4 - -59. Is l composite?
True
Let m be 46/(-14) + 4/14. Let r be (16/(-6))/4*m. Suppose 173 = 2*u + 3*u + r*x, 0 = u + 3*x - 45. Is u composite?
True
Is -1*-73*5 + 1 + 1 composite?
False
Is 5/(10/2624) + (-21)/(-7) a composite number?
True
Let m(r) = -20*r - 3*r**2 - 3 + 3*r**2 + 4 - r**2. Is m(-12) a prime number?
True
Suppose t - 8 = -3*t. Is t/4*(3 + 191) composite?
False
Let l(v) = -v**2 - 6*v - 1. Let f(p) = -6*p**2 + 1. Let q be f(1). Let s be l(q). Suppose 2*i - s*t = 154, -5*t - 144 = -2*i - 3*t. Is i prime?
True
Is (11 - 1)/(8/388) prime?
False
Suppose -c - 2*d + 917 = -46, d - 1920 = -2*c. Is c a composite number?
True
Is (2/(-4))/(4/(-11192)) a prime number?
True
Let d(y) = -41*y - 16. Let p be d(-7). Suppose 0 = -3*o + 302 + p. Is o composite?
False
Is 2/5 + (-4986)/(-10) composite?
False
Let x(q) = q**3 + 15*q**2 - 6*q + 1. Is x(-15) prime?
False
Is (24 + -7)/(2/22) a composite number?
True
Suppose 0 = 2*z - 7 - 507. Is z prime?
True
Suppose -2*c = -2*k - 106, -47 = -c - 4*k + 6. Is c prime?
True
Let i(o) = o**3 - 4*o**2 + 4. Let p be i(4). Suppose 0*n - 3 = -2*d + 5*n, -4*d = -p*n - 24. Is ((-6)/d)/(4/(-222)) a prime number?
True
Suppose -u - 2*u = -d + 182, -63 = u + 2*d. Let i be 128 - 1 - 1 - -2. Let z = u + i. Is z a prime number?
True
Suppose 3*r - 20 = -r. Suppose -h + 4*s + 4 = -0, 0 = -r*h + 4*s + 20. Is h prime?
False
Let y(x) = -31*x**3 - x**2 - x - 1. Let r be y(-1). Suppose t - 4*q = 18, 2*q - r = -2*t + 4*q. Is t a prime number?
False
Let x(u) = 3*u**2 - 15*u - 17. Is x(12) a prime number?
False
Let m be (-4)/(-14) - 424/14. Let b = m - -55. Is b a prime number?
False
Let a be (-666)/(-10) - (-2)/5. Suppose -2*g = 3*g - 160. Let m = a - g. Is m a composite number?
True
Let m be (-3)/(-21) + 36/(-7). Is m/(-10)*(357 + 1) composite?
False
Let v(u) = -8*u + 15. Is v(-12) a composite number?
True
Let d be 1*2 - (2 - 4). Let w = -262 + 437. Suppose -d*r + w = r. Is r a prime number?
False
Let u = 77 - 24. Is u a composite number?
False
Suppose -4*u + y + 5 + 7 = 0, 2*u + 3*y = -8. Let d(c) = 8*c**3 - 3 + 2*c - 3*c**2 + c**2 + 2*c + c**2. Is d(u) composite?
True
Let n = 2 + 1. Suppose 4*d + 67 = n*z, -2 + 4 = -2*d. Let i = -2 + z. Is i composite?
False
Suppose -5*x = 3*g - 0*g - 555, 555 = 3*g - 2*x. Let y = g - 130. Is y a composite number?
True
Is 886 + (6 - ((-2)/(-1) - -1)) prime?
False
Suppose -12 = -2*j + 4*y, -2*j + 10 = -3*y - 0. Is (17 - j)/(-1 + 2) a prime number?
False
Suppose -3*y = -7*y + n + 1167, 0 = 3*y + 4*n - 899. Is y a prime number?
True
Suppose 2*k - 4 = -0. Let d = 4 - k. Is 0 + 18 + 2/d composite?
False
Suppose -4*k - 2*q - 64 = 0, 2*k + 0*q = -2*q - 36. Let s = k - -10. Let n(j) = 2*j**2 + 6*j + 3. Is n(s) composite?
False
Let l = 7 - 2. Suppose -l*p - 3 - 2 = 0. Is 1/(p - 0) + 32 a prime number?
True
Let d(k) = k**2 + 6*k + 3. Let w be d(-6). Suppose 0 = -3*z + 15 + 87. Suppose b - z = w. Is b a prime number?
True
Let x(v) = 3*v**2 - 8*v - 7. Let t be x(4). Let d(y) = 3*y**2 - 3*y - 4. Let f be d(-5). Let g = f - t. Is g a composite number?
True
Let c = 1427 - 537. Suppose m = -m - o + 356, -5*m + 3*o = -c. Is m composite?
True
Suppose 6*u = 210 + 234. Is u a composite number?
True
Let a be 6/2*(-10)/(-6). Suppose -437 = -3*c + a*b, 4*c - b - 594 = -0*b. Is c prime?
True
Let i = 221 + 74. Is i a composite number?
True
Let f = -422 + 1495. Is f a composite number?
True
Let t = 5 + 0. Suppose -t*y + 1098 + 1447 = 0. Is y a composite number?
False
Let i = -11 + 16. Suppose i*q = -0*q + 290. Is q prime?
False
Let b(f) = -4*f - 2. Let w be b(9). Let d = 63 + -6. Let s = d + w. Is s prime?
True
Let r = 1299 - 736. Is r prime?
True
Let o(a) = -2*a**3 + 3*a**2 - 4*a - 2. Let y = 4 + -7. Is o(y) composite?
True
Let o = -8 - -39. Is o composite?
False
Let s(z) be the third derivative of z**5/30 - z**4/6 + 3*z**3/2 + 2*z**2. Is s(6) a composite number?
True
Let l = 942 - -721. Is l prime?
True
Is (-3173)/(-5) + (-26)/(-65) composite?
True
Let t(i) = 10*i**2 - 17*i + 5. Is t(-14) composite?
False
Let x = 137 + 110. Is x a composite number?
True
Let s = -9 + -11. Let g be ((-16)/s)/((-2)/(-190)). Suppose 3*j + j - g = 0. Is j composite?
False
Is (-4)/(-10) - 1833/(-5) a composite number?
False
Suppose 0 = -j + 5*s + 2, 5*j + 0*s - 10 = -4*s. Suppose m - 4*p = -44, -138 = j*m - 0*p + 2*p. Let v = 101 + m. Is v composite?
False
Let o(j) = 3*j**2 - 24*j + 12. Let h(b) = 4*b**2 - 25*b + 11. Let m(l) = 5*h(l) - 6*o(l). Is m(-14) composite?
False
Let g be 2/(-2)*(0 + -29). Suppose 10 = -0*y + 5*y, -2*b + 4*y - 24 = 0. Let t = b + g. Is t composite?
True
Is (-988)/(-20) - 4/10 a composite number?
True
Is 9 - (1/(-1))/1 prime?
False
Let n = 2 - -75. Is n a prime number?
False
Let g(t) = 94*t**3 + t. Is g(1) composite?
True
Is (-1)/(-3) + (-568)/(-6) composite?
True
Let y = -9 - -18. Let a = -4 + y. Suppose a*v = -3*h + 105, -5*h - 2*v + 80 = -95. Is h a prime number?
False
Is 4/3 - (-7)/(189/63657) prime?
False
Let t = 531 - 202. Is t a composite number?
True
Let g be (-6)/21 + (-30)/(-7). Suppose 12 = g*b - n - 3, 5*n + 15 = 0. Suppose -d - b*d = 4*r - 304, 0 = -d + 4*r + 81. Is d a composite number?
True
Let m = 0 + 4. Suppose m*a + 57 = 653. Is a composite?
False
Let i(q) = 4*q**2 - 5*q - 2. Is i(7) a prime number?
False
Let t(p) = -p**3 - 4*p**2 + 3*p + 2. Let g be t(-5). Let f = -13 + 7. Let x = g + f. Is x a composite number?
True
Let h(s) = -3*s**3 + s**2. Let r be h(1). Let m be r/6 + 6788/(-12). Is (-6)/(-9) + m/(-6) composite?
True
Let u be 2*((-2325)/6)/(-5). Suppose -192 = -2*c - x, 5*x = 5*c - 310 - u. Is c a composite number?
True
Let l(q) = -485*q**3 - q**2 + q + 2. Is l(-1) prime?
False
Suppose 4*n + 332 = 4*o - 3*o, -3*n - 268 = 4*o. Is (4/6)/((-8)/n) prime?
True
Suppose -j + 2341 = -4*f, 2*f + f = -4*j + 9326. Is j a composite number?
False
Suppose -3*j - 2*q + 13 = 0, -3*j = -0*j - 3*q - 3. Suppose 3*g = -4*f - g + 140, 4*g = j*f - 91. Is f composite?
True
Let i be (-9)/(-6)*(-2 - 0). Let c(g) = -7*g + 4. Let q be c(i). Suppose 95 = 5*y + q. Is y prime?
False
Let z(o) be the first derivative of -23*o**4/4 - 2*o**3/3 - o**2 - o + 1. Let x be z(-1). Suppose -x = -n - n. Is n composite?
False
Is -2 + 468 + (-18)/(-6) prime?
False
Let r(w) =